{"id":24,"date":"2020-07-02T17:22:21","date_gmt":"2020-07-02T17:22:21","guid":{"rendered":"http:\/\/albanogueras.cat\/?page_id=24"},"modified":"2026-03-03T11:01:12","modified_gmt":"2026-03-03T11:01:12","slug":"articles","status":"publish","type":"page","link":"https:\/\/albanogueras.cat\/?page_id=24","title":{"rendered":"Sobre la feina que puc fer"},"content":{"rendered":"\n<h2 class=\"wp-block-heading\">Col\u00b7laborem?<\/h2>\n\n\n\n<p>Tinc una perspectiva art\u00edstica interdisciplin\u00e0ria i la vocaci\u00f3 de participar de manera activa en la promoci\u00f3 de projectes culturals.<\/p>\n\n\n\n<ul class=\"wp-block-list\">\n<li>Puc escriure el <strong>contingut del dossier<\/strong> de concert, <strong>llibret<\/strong> de temporada o <strong>programa<\/strong> de m\u00e0 que necessitis.<\/li>\n\n\n\n<li>Puc ajudar-te amb les <strong>notes de premsa<\/strong> i el contingut de la teva <strong>p\u00e0gina web<\/strong>.<\/li>\n\n\n\n<li>Si tens una <strong>revista cultural<\/strong>, estar\u00e9 encantada de col\u00b7laborar-hi.<\/li>\n\n\n\n<li>Si necessites una <strong>guionista<\/strong> per a un programa de r\u00e0dio o televisi\u00f3, m&#8217;encantar\u00e0 rebre un correu amb el teu projecte; he treballat sempre amb equips petits, per tant tamb\u00e9 podria fer-ne, a m\u00e9s, tant la locuci\u00f3 i <strong>presentaci\u00f3<\/strong> com altres feines administratives.<\/li>\n<\/ul>\n\n\n\n<div class=\"wp-block-columns is-layout-flex wp-container-core-columns-is-layout-9d6595d7 wp-block-columns-is-layout-flex\">\n<div class=\"wp-block-column is-layout-flow wp-block-column-is-layout-flow\">\n<figure class=\"wp-block-image size-large\"><img loading=\"lazy\" decoding=\"async\" width=\"1366\" height=\"854\" src=\"https:\/\/albanogueras.cat\/wp-content\/uploads\/2023\/07\/Entrevista-pel-TAG-edited.jpeg\" alt=\"\" class=\"wp-image-316\" srcset=\"https:\/\/albanogueras.cat\/wp-content\/uploads\/2023\/07\/Entrevista-pel-TAG-edited.jpeg 1366w, https:\/\/albanogueras.cat\/wp-content\/uploads\/2023\/07\/Entrevista-pel-TAG-edited-300x188.jpeg 300w, https:\/\/albanogueras.cat\/wp-content\/uploads\/2023\/07\/Entrevista-pel-TAG-edited-1024x640.jpeg 1024w, https:\/\/albanogueras.cat\/wp-content\/uploads\/2023\/07\/Entrevista-pel-TAG-edited-768x480.jpeg 768w\" sizes=\"auto, (max-width: 706px) 89vw, (max-width: 767px) 82vw, 740px\" \/><figcaption class=\"wp-element-caption\">Al Teatre Auditori de Granollers.<\/figcaption><\/figure>\n<\/div>\n\n\n\n<div class=\"wp-block-column is-layout-flow wp-block-column-is-layout-flow\">\n<figure class=\"wp-block-image size-large\"><img loading=\"lazy\" decoding=\"async\" width=\"1536\" height=\"960\" src=\"https:\/\/albanogueras.cat\/wp-content\/uploads\/2023\/07\/Entrevista-a-Corrado-Bolsi-edited.jpeg\" alt=\"\" class=\"wp-image-317\" srcset=\"https:\/\/albanogueras.cat\/wp-content\/uploads\/2023\/07\/Entrevista-a-Corrado-Bolsi-edited.jpeg 1536w, https:\/\/albanogueras.cat\/wp-content\/uploads\/2023\/07\/Entrevista-a-Corrado-Bolsi-edited-300x188.jpeg 300w, https:\/\/albanogueras.cat\/wp-content\/uploads\/2023\/07\/Entrevista-a-Corrado-Bolsi-edited-1024x640.jpeg 1024w, https:\/\/albanogueras.cat\/wp-content\/uploads\/2023\/07\/Entrevista-a-Corrado-Bolsi-edited-768x480.jpeg 768w\" sizes=\"auto, (max-width: 706px) 89vw, (max-width: 767px) 82vw, 740px\" \/><figcaption class=\"wp-element-caption\">Entrevista a Corrado Bolsi.<\/figcaption><\/figure>\n<\/div>\n\n\n\n<div class=\"wp-block-column is-layout-flow wp-block-column-is-layout-flow\">\n<figure class=\"wp-block-image size-large\"><img loading=\"lazy\" decoding=\"async\" width=\"1152\" height=\"720\" src=\"https:\/\/albanogueras.cat\/wp-content\/uploads\/2023\/07\/La-veu-del-poble-per-La-Xarxa-edited-1.jpeg\" alt=\"\" class=\"wp-image-318\" srcset=\"https:\/\/albanogueras.cat\/wp-content\/uploads\/2023\/07\/La-veu-del-poble-per-La-Xarxa-edited-1.jpeg 1152w, https:\/\/albanogueras.cat\/wp-content\/uploads\/2023\/07\/La-veu-del-poble-per-La-Xarxa-edited-1-300x188.jpeg 300w, https:\/\/albanogueras.cat\/wp-content\/uploads\/2023\/07\/La-veu-del-poble-per-La-Xarxa-edited-1-1024x640.jpeg 1024w, https:\/\/albanogueras.cat\/wp-content\/uploads\/2023\/07\/La-veu-del-poble-per-La-Xarxa-edited-1-768x480.jpeg 768w\" sizes=\"auto, (max-width: 706px) 89vw, (max-width: 767px) 82vw, 740px\" \/><figcaption class=\"wp-element-caption\">&#8220;Vox populi&#8221; per la Xarxa.<\/figcaption><\/figure>\n<\/div>\n<\/div>\n\n\n\n<p><\/p>\n","protected":false},"excerpt":{"rendered":"<p>Col\u00b7laborem? Tinc una perspectiva art\u00edstica interdisciplin\u00e0ria i la vocaci\u00f3 de participar de manera activa en la promoci\u00f3 de projectes culturals.<\/p>\n","protected":false},"author":1,"featured_media":0,"parent":0,"menu_order":0,"comment_status":"closed","ping_status":"closed","template":"","meta":{"footnotes":""},"class_list":["post-24","page","type-page","status-publish","hentry"],"_links":{"self":[{"href":"https:\/\/albanogueras.cat\/index.php?rest_route=\/wp\/v2\/pages\/24","targetHints":{"allow":["GET"]}}],"collection":[{"href":"https:\/\/albanogueras.cat\/index.php?rest_route=\/wp\/v2\/pages"}],"about":[{"href":"https:\/\/albanogueras.cat\/index.php?rest_route=\/wp\/v2\/types\/page"}],"author":[{"embeddable":true,"href":"https:\/\/albanogueras.cat\/index.php?rest_route=\/wp\/v2\/users\/1"}],"replies":[{"embeddable":true,"href":"https:\/\/albanogueras.cat\/index.php?rest_route=%2Fwp%2Fv2%2Fcomments&post=24"}],"version-history":[{"count":12,"href":"https:\/\/albanogueras.cat\/index.php?rest_route=\/wp\/v2\/pages\/24\/revisions"}],"predecessor-version":[{"id":380,"href":"https:\/\/albanogueras.cat\/index.php?rest_route=\/wp\/v2\/pages\/24\/revisions\/380"}],"wp:attachment":[{"href":"https:\/\/albanogueras.cat\/index.php?rest_route=%2Fwp%2Fv2%2Fmedia&parent=24"}],"curies":[{"name":"wp","href":"https:\/\/api.w.org\/{rel}","templated":true}]}}